ulate m(j).
-2
Suppose -16*u + 3 = -19*u. Let p(d) = 58*d**3 + 2*d + 1. Calculate p(u).
-59
Let z(c) = -c. Let l(t) = 2*t + 2. Let q(i) = 4*l(i) + 9*z(i). Give q(7).
1
Let i(w) = 15*w - 75*w + 40*w - 3 + w**2 + 4. Calculate i(20).
1
Let i = -9 - -6. Let j be i - (-9 + 4 + 3). Let u(z) be the third derivative of 3*z**6/40 - z**4/12 - z**3/6 + z**2. Determine u(j).
-8
Let c(v) = -13*v - 52. Let l(j) = 9*j + 37. Let b(t) = -5*c(t) - 7*l(t). Give b(-2).
-3
Let f(k) = -52*k + 130*k**2 - 4 - k**3 + 44*k - 120*k**2. Calculate f(9).
5
Let s = -1721 - -1714. Let a(d) = d**3 + 7*d**2 - 5*d + 8. Determine a(s).
43
Let o(t) = -t**2 + 5*t + 10. Let h be o(0). Let s(g) = -g**2 + 10*g - 10. What is s(h)?
-10
Let h = -166 + 244. Let w = -74 + h. Let t(y) be the first derivative of -2*y**3/3 + 3*y**2 - 2*y - 1. Calculate t(w).
-10
Let b(j) = 5*j**2 + 6*j - 12. Let v(c) = -12*c**2 - 12*c + 24. Let o(i) = 5*b(i) + 2*v(i). What is o(-8)?
4
Let i(h) = h**2 + 5*h + 4. Let q be i(-6). Suppose 3*c = 11 + q. Let t(w) = w**2 + 2*w + 6 - 2*w - 5*w - 3*w. What is t(c)?
-1
Let u(v) = -25*v**3 - 7*v**2 - 9*v + 9. Let i(f) = 4*f**3 + f - 1. Let x(d) = -6*i(d) - u(d). Give x(-4).
33
Let k(i) = -2*i**2 - 22*i + 8. Let t(m) = 2*m**2 + 28*m - 11. Let j be t(-14). Calculate k(j).
8
Suppose 2*z + z = 18. Suppose -2*p + 0*p = z. Let c(u) be the third derivative of u**6/120 + u**5/12 + u**4/12 - u**3/6 - 6*u**2. What is c(p)?
11
Let g(b) = -14*b + 10. Let t(c) = 40*c - 28. Let o(i) = 17*g(i) + 6*t(i). What is o(-8)?
-14
Let y(u) = -u - 8. Suppose -x + 5 = 4*f - 20, -15 = -2*f - 3*x. Determine y(f).
-14
Suppose 4*y + 2 = 2*y. Let f be 3/(-12) + y + 69/(-12). Let v(n) = -n**3 - 8*n**2 - 7*n + 9. Determine v(f).
9
Let w(o) be the first derivative of o**2 - 8*o - 92. Let h(q) = q**2 - 5*q + 2. Let s be h(3). Let b = s + 11. Calculate w(b).
6
Suppose 9*c - 10 = 4*c, -a - 6 = 4*c. Let f be (-3 + 1)*((-91)/a - 8). Let n(h) = 2*h**2 - 4*h. Determine n(f).
6
Suppose -5*m + 2*j - 4 = 6, 4 = -2*m - 2*j. Let i be 4 + m + -1 + 1. Let a(w) = 3*w**2 - 3*w**i - 6*w + 3*w**2 + w**3 - 6. Calculate a(-4).
2
Suppose -11 = -4*j - 0*b - 3*b, 0 = -2*j + 4*b. Suppose -2*x - 3*x + 19 = j*c, -4*c = x - 11. Let o(u) = u**2 - 2*u - 1. Determine o(c).
-1
Let a(d) = -d**3 - 3*d**2 - 4*d - 1. Suppose 0 = -6*z + 16 + 2. Suppose z = m - 2*m. Calculate a(m).
11
Let h(d) = -d - 1. Suppose 0 = -2*c - 2*o - 0 - 4, 4*c + 3 = o. Let i(a) = 5*a + 5. Let n(j) = c*i(j) - 6*h(j). Give n(7).
8
Suppose -3*v - 4*l = -8, 2*l = 28*v - 30*v + 4. Let b(z) = 5*z**2 + 5*z - 12. Let p(k) = k**2 + k - 1. Let u(n) = b(n) - 6*p(n). What is u(v)?
-6
Suppose 2 = 284*o - 285*o. Let p(g) = 3*g - 11. Let f(j) = 2*j - 6. Let h(c) = 5*f(c) - 3*p(c). Calculate h(o).
1
Let x(u) = 2*u**3 + 13*u**2 - 5*u + 6. Let k be 16/88 - ((-270)/(-33) - 1). Calculate x(k).
-8
Let i = 169/38 - 56/19. Let k(m) be the first derivative of 2/3*m**3 + 1/4*m**4 + m + 4 - i*m**2. Determine k(-3).
1
Suppose 28*x - 16*x = -24. Let s(k) = 4*k**3 + 4*k**2 + 2*k. Determine s(x).
-20
Let z(h) = -2*h - 2*h**3 - 2*h**3 + h - 2*h**2. Suppose 3*f + 2*f = 20. Let j(m) = 4*m - 17. Let g be j(f). What is z(g)?
3
Let h(d) be the third derivative of d**4/24 - 4*d**3/3 - 2*d**2 + 6. Give h(12).
4
Let w(x) = 2*x**3 + 2*x**2 - x + 1. Let a be 170/(-136) - (-6)/(-8). Calculate w(a).
-5
Let j(a) = 6*a - 6. Let z be 36/8*30/27. Determine j(z).
24
Let z(j) = 2*j + 18. Let m be z(-9). Suppose -2*s = 5*l - 30, m = -l + 6 - 2. Let n(g) = 5 + 1 - 4*g - 4 + g**2. Give n(s).
7
Let j(k) be the third derivative of k**6/30 + k**3/6 + 4*k**2 + 4. Give j(-1).
-3
Let d(r) be the third derivative of r**5/60 - r**2. Suppose -f = 2*u - 2, -f = u - 2*u + 7. Let a(c) = -c**2. Let n(q) = f*a(q) - 3*d(q). Calculate n(0).
0
Let q(k) = -k - 1. Let l(i) = -2*i - 2. Let n(s) = -2*l(s) + 5*q(s). Let d(j) = -j + 4. Let z be d(10). Calculate n(z).
5
Let i be (-54)/36*4/(-6). Let d be 2 + 4 + i - 1. Let u(c) = c**3 - 7*c**2 + 6*c - 1. What is u(d)?
-1
Let x be (1/(-2))/((-3)/(-24)). Let d(q) = q**2 + 4*q - 9. Let v(o) = o**2 + 4*o - 10. Let p = 9 + -4. Let s(g) = p*d(g) - 4*v(g). Calculate s(x).
-5
Let s = -68 - -83. Suppose 4*f - 4*x - 4 = 5*f, -x - s = 2*f. Let w(a) = -a**2 - 8*a + 1. Determine w(f).
1
Let x(p) be the second derivative of 1/3*p**3 + 10*p + 7/12*p**4 + 0 - 7/2*p**2 - 1/20*p**5. What is x(7)?
7
Let c = -31 - -19. Let q = c + 13. Suppose 7 = 4*d - q. Let b(z) = -2*z**2 + 2*z - 2. Give b(d).
-6
Let l(m) = 2*m**2 - 79*m - m**2 + 3 + 85*m. Give l(-7).
10
Let f(o) = -1. Let j(z) = -z**3 + 6*z**2 - 6*z - 2. Let u(a) = 2*f(a) - j(a). Give u(4).
-8
Let b be (1 - 4)/((-1)/(-3)). Let j = 11 + b. Let g(t) = t**2 + 4 - t**3 + 8*t**2 - 3*t**j - 2*t**2 - t. Determine g(4).
0
Let s(t) be the third derivative of -t**6/120 - t**5/60 - 2*t**3/3 - 2*t**2 - 4*t. Calculate s(0).
-4
Let q(z) = -2*z - z**2 + 4*z**2 - 32 + 33 + z. What is q(4)?
45
Let o(c) = -1 - 12*c**2 + 2 - 6 + 12*c + 7*c**3 - 11 - 6*c**3. Calculate o(11).
-5
Let x(v) = v**2. Let k(w) = 2*w**3 - 4*w**2 + 4*w - 3. Let g be k(2). Suppose -4*p = -3*h - 1, 4*p - 8 = g*p + 2*h. Calculate x(p).
4
Suppose 3*y = -n + 4, -1 = -5*y + 4. Let b(c) = 10*c - 20*c + 19*c + 0 + n. Determine b(2).
19
Suppose -3*o - 2*o + 40 = 0. Let h(u) = -10 - 3*u**2 + 74*u - 80*u + 4*u**2. Give h(o).
6
Let c be ((-3)/6)/(2/(-16)). Let d = 130 + -128. Let x(k) = 3 + 5*k**3 - c + d*k**3 - 4*k**3. Determine x(-1).
-4
Let r(l) = l - 1. Let u(x) = 11*x + 75. Let i be u(-7). What is r(i)?
-3
Suppose -g = 2*g - 2*z + 8, 0 = 4*g - z + 9. Let u(v) = -7*v**2 - v - 1. Give u(g).
-27
Let r(d) = 3*d**2 - 2*d. Let v be (30/4)/(-6 - (-305)/50). Let n be (-7)/(-4) - (-4 + v/20). Determine r(n).
8
Let j(g) = -16*g + 10. Let l(b) = 7*b - 1. Let k(w) = -j(w) - 2*l(w). Give k(15).
22
Suppose -3*c = -5*r - 2*c - 10, -3*r = -5*c + 28. Let z be ((-15)/r)/(0 + 1). Let i = z + -10. Let l(a) = -a**2 + 5*a - 1. Determine l(i).
-1
Let a(k) be the second derivative of -k**8/6720 + k**7/840 - k**6/360 + k**5/20 + 5*k**4/6 + 17*k. Let v(w) be the third derivative of a(w). Determine v(4).
-18
Let x(h) = 2*h**2 - 7*h - 1. Let i be 1 + 12/4 + 0 - 0. Give x(i).
3
Let h = 120 + -39. Let x(o) = 3*o + h*o**2 - 2*o + 1 - 80*o**2. Give x(0).
1
Let i(m) = -71*m**2 + 273*m**2 - 71*m**2 + 11*m - 9 - 63*m**2 - 69*m**2. Give i(7).
19
Let w(y) = 2*y - y**3 + 2*y**3 + 8 - 89*y**2 + 101*y**2 + 8. What is w(-12)?
-8
Let j(g) = g - 1. Suppose -5*l - 3*l = -8. Determine j(l).
0
Let k(c) be the third derivative of -c**6/60 + c**5/20 - c**4/12 + 2*c**3/3 + 11*c**2 - c. Give k(2).
-4
Let b(w) be the third derivative of -w**6/120 - w**5/60 + 3*w**3/2 + 12*w**2 + 2. Determine b(0).
9
Let w(f) = -4 + 5 + 72485*f - 72471*f. What is w(-1)?
-13
Let v(w) = -w**2 - 18*w - 19. Suppose 17*x + 640 = 351. Give v(x).
-2
Let h(z) be the second derivative of -z**4/12 - 5*z**3/6 + z**2/2 + 55*z + 2. Calculate h(-9).
-35
Suppose -v - 8 = -5*v. Suppose -3*f + v*l + 3 = 3*l, -4*f + 3*l = -4. Let x(u) be the first derivative of -u**4 - 2*u**3/3 + u**2 - u - 2. What is x(f)?
-5
Let q(i) = -2*i - 5. Suppose 6*x - 22*x - 96 = 0. Let d(y) = y + 1. Let f(g) = x*d(g) - q(g). Calculate f(2).
-9
Let v(l) = 2 - 3*l - 7 + 4*l. Let d be (-5)/(30/(-48)) + -1. Give v(d).
2
Let h(d) = d**3 - 58*d**2 - 59*d + 5. Let k be h(59). Let z(f) = -f**3 + 6*f**2 - 5*f - 2. Calculate z(k).
-2
Let g(w) = 22*w + 26 - 3*w - 18*w. Give g(0).
26
Let u be (9/4 + 0)/(33/44). Let r(i) = i - 4. Determine r(u).
-1
Let y(v) = -4*v**2 - 1641*v**3 + 0*v**2 + 1640*v**3 + 3*v**2 + 3. Give y(2).
-9
Let n(w) = w - 8. Let p be n(11). Let l(z) = 6 + 3 + 10*z**2 + z**3 - p*z**2 - 14*z + 20*z. Let s = 10 - 16. What is l(s)?
9
Let b(s) be the second derivative of -s**7/1260 + s**6/144 - s**5/40 - s**4/6 - 4*s**2 - 21*s. Let v(o) be the third derivative of b(o). Give v(4).
-15
Let j(o) = -5*o. Let k(a) = -18*a. Let l(d) = 10*j(d) - 3*k(d). What is l(-3)?
-12
Let c = 82 + -79. Let k(h) = -h + 6. Determine k(c).
3
Let f be ((-1120)/15)/8*(-1 - 644). Let z(u) = -6020 + f + 6*u. What is z(1)?
6
Let i be 0*2*(-1)/2. Suppose -4*t + 3*t = i. Let x(w) = -2*w + t*w + w. Calculate x(-5).
5
Let j = 516 + -521. Let v(s) = -8*s - 4. Calculate v(j).
36
Let w(q) be the first derivative of -9*q**2/2 - 5*q - 5. Le